ten thousands digit of 51736?
5
What is the hundreds digit of 1051?
0
What is the ten thousands digit of 21260?
2
What is the thousands digit of 1752?
1
What is the hundreds digit of 36243?
2
What is the thousands digit of 3430?
3
What is the units digit of 77978?
8
What is the hundreds digit of 1947?
9
What is the tens digit of 1847?
4
What is the hundreds digit of 1386?
3
What is the thousands digit of 2576?
2
What is the thousands digit of 168609?
8
What is the hundreds digit of 1534?
5
What is the units digit of 8392?
2
What is the hundreds digit of 4398?
3
What is the tens digit of 901?
0
What is the thousands digit of 1482?
1
What is the hundreds digit of 3130?
1
What is the units digit of 25676?
6
What is the hundreds digit of 11751?
7
What is the tens digit of 309?
0
What is the hundred thousands digit of 191632?
1
What is the units digit of 793?
3
What is the tens digit of 47979?
7
What is the tens digit of 132851?
5
What is the thousands digit of 25099?
5
What is the tens digit of 1846?
4
What is the hundreds digit of 4226?
2
What is the hundreds digit of 998?
9
What is the units digit of 1854?
4
What is the tens digit of 1074?
7
What is the hundreds digit of 7441?
4
What is the thousands digit of 5654?
5
What is the units digit of 3171?
1
What is the units digit of 920?
0
What is the units digit of 247?
7
What is the units digit of 124310?
0
What is the units digit of 3449?
9
What is the units digit of 26535?
5
What is the units digit of 12318?
8
What is the tens digit of 528?
2
What is the hundreds digit of 779?
7
What is the tens digit of 469?
6
What is the thousands digit of 10197?
0
What is the hundreds digit of 239?
2
What is the hundreds digit of 135516?
5
What is the hundreds digit of 459?
4
What is the hundreds digit of 28151?
1
What is the units digit of 197?
7
What is the tens digit of 8077?
7
What is the hundred thousands digit of 102044?
1
What is the units digit of 794?
4
What is the hundreds digit of 396?
3
What is the thousands digit of 1892?
1
What is the hundreds digit of 82228?
2
What is the tens digit of 22517?
1
What is the ten thousands digit of 78963?
7
What is the thousands digit of 6164?
6
What is the tens digit of 8636?
3
What is the ten thousands digit of 49217?
4
What is the hundreds digit of 2771?
7
What is the hundreds digit of 115910?
9
What is the units digit of 57431?
1
What is the thousands digit of 9693?
9
What is the thousands digit of 2765?
2
What is the hundreds digit of 107?
1
What is the units digit of 105?
5
What is the tens digit of 1181?
8
What is the units digit of 61?
1
What is the ten thousands digit of 18366?
1
What is the units digit of 316?
6
What is the thousands digit of 5735?
5
What is the hundreds digit of 13520?
5
What is the hundreds digit of 20348?
3
What is the units digit of 117870?
0
What is the units digit of 37254?
4
What is the tens digit of 7165?
6
What is the tens digit of 2669?
6
What is the tens digit of 108273?
7
What is the tens digit of 4286?
8
What is the tens digit of 5253?
5
What is the tens digit of 230?
3
What is the units digit of 1384?
4
What is the tens digit of 59844?
4
What is the thousands digit of 1562?
1
What is the hundreds digit of 13120?
1
What is the tens digit of 15614?
1
What is the units digit of 6059?
9
What is the units digit of 5108?
8
What is the tens digit of 2557?
5
What is the hundreds digit of 326?
3
What is the tens digit of 694?
9
What is the thousands digit of 7545?
7
What is the ten thousands digit of 92982?
9
What is the tens digit of 1546?
4
What is the units digit of 924?
4
What is the tens digit of 47152?
5
What is the hundreds digit of 1718?
7
What is the tens digit of 2197?
9
What is the units digit of 1979?
9
What is the thousands digit of 3285?
3
What is the hundreds digit of 64042?
0
What is the units digit of 7983?
3
What is the thousands digit of 34056?
4
What is the tens digit of 3078?
7
What is the hundreds digit of 5369?
3
What is the thousands digit of 8682?
8
What is the tens digit of 1374?
7
What is the units digit of 5633?
3
What is the tens digit of 465?
6
What is the units digit of 13735?
5
What is the hundreds digit of 7865?
8
What is the thousands digit of 14703?
4
What is the units digit of 1561?
1
What is the thousands digit of 30174?
0
What is the thousands digit of 1005?
1
What is the tens digit of 56384?
8
What is the hundreds digit of 155?
1
What is the units digit of 1195?
5
What is the hundreds digit of 24018?
0
What is the units digit of 46416?
6
What is the units digit of 8?
8
What is the units digit of 484?
4
What is the ten thousands digit of 20533?
2
What is the thousands digit of 1768?
1
What is the ten thousands digit of 57928?
5
What is the thousands digit of 2346?
2
What is the thousands digit of 11551?
1
What is the thousands digit of 90118?
0
What is the thousands digit of 3467?
3
What is the thousands digit of 6870?
6
What is the thousands digit of 5702?
5
What is the hundreds digit of 23493?
4
What is the hundreds digit of 1314?
3
What is the units digit of 4285?
5
What is the hundreds digit of 11113?
1
What is the hundreds digit of 116923?
9
What is the hundreds digit of 178?
1
What is the thousands digit of 3272?
3
What is the tens digit of 27948?
4
What is the ten thousands digit of 36506?
3
What is the tens digit of 4075?
7
What is the thousands digit of 2075?
2
What is the hundreds digit of 24998?
9
What is the hundreds digit of 11707?
7
What is the hundreds digit of 3176?
1
What is the tens digit of 7257?
5
What is the hundreds digit of 11894?
8
What is the hundreds digit of 747?
7
What is the hundreds digit of 23101?
1
What is the units digit of 1154?
4
What is the hundreds digit of 3069?
0
What is the units digit of 11700?
0
What is the hundreds digit of 262?
2
What is the units digit of 38355?
5
What is the tens digit of 5432?
3
What is the tens digit of 11122?
2
What is the hundreds digit of 5439?
4
What is the hundreds digit of 53336?
3
What is the tens digit of 3125?
2
What is the units digit of 312?
2
What is the hundreds digit of 5727?
7
What is the ten thousands digit of 58182?
5
What is the tens digit of 20947?
4
What is the hundreds digit of 15728?
7
What is the hundreds digit of 813?
8
What is the hundreds digit of 72165?
1
What is the hundreds digit of 2195?
1
What is the ten thousands digit of 31576?
3
What is the tens digit of 381?
8
What is the units digit of 886?
6
What is the ten thousands digit of 36794?
3
What is the hundreds digit of 1187?
1
What is the thousands digit of 79413?
9
What is the hundreds digit of 490?
4
What is the thousands digit of 21504?
1
What is the units digit of 2929?
9
What is the units digit of 831?
1
What is the thousands digit of 2257?
2
What is the units digit of 4358?
8
What is the tens digit of 26290?
9
What is the thousands digit of 3619?
3
What is the units digit of 1646?
6
What is the hundreds digit of 74676?
6
What is the tens digit of 6036?
3
What is the units digit of 1661?
1
What is the thousands digit of 2041?
2
What is the hundreds digit of 114333?
3
What is the ten thousands digit of 30560?
3
What is the tens digit of 2564?
6
What is the hundreds digit of 19399?
3
What is the units digit of 3800?
0
What is the tens digit of 8709?
0
What is the thousands digit of 1904?
1
What is the units digit of 53217?
7
What is the tens digit of 209?
0
What is the hundred thousands digit of 131888?
1
What is the units digit of 1854?
4
What is the units digit of 36?
6
What is the hundreds digit of 10086?
0
What is the tens digit of 115?
1
What is the units digit of 5262?
2
What is the thousands digit of 31038?
1
What is the hundreds digit of 5754?
7
What is the ten thousands digit of 14514?
1
What is the ten thousands digit of 33200?
3
What is the hundreds digit of 47768?
7
What is the hundreds digit of 16193?
1
What is the tens digit of 37886?
8
What is the tens digit of 1591?
9
What is the hundreds digit of 32457?
4
What is the thousands digit of 12088?
2
What is the ten thousands digit of 35207?
3
What is the hundreds digit of 4405?
4
What is the hundreds digit of 32828?
8
What is the hundreds digit of 7028?
0
What is the tens digit of 79263?
6
What is the hundreds digit of 16115?
1
What is the tens digit of 1218?
1
What is the tens dig